2 + 4*s - 11. Let t(p) = -6*p**2 - 2*p + 5. Let u(z) = -4*l(z) - 9*t(z). What is the units digit of u(1)?
7
Let g(f) = -f**3 + 6*f**2 + f - 7. Let q be g(5). Let w = q - -11. What is the tens digit of w?
3
Let n = 101 + 31. What is the hundreds digit of n?
1
Let w = 22 + -40. Let x = -111 + 78. Let a = w - x. What is the units digit of a?
5
Let v = -3 + 9. Let r = v + -5. What is the units digit of r?
1
Let o = -3 + 4. What is the units digit of o?
1
Let w(q) = q**2. Suppose 0 = -0*a + 3*a - 12. What is the tens digit of w(a)?
1
Let w(c) = 4*c - 3. Let u be w(2). Suppose -3*o = -u*x + 61, 3*x + 7*o = 2*o + 23. What is the units digit of x?
1
Let z(m) = -m**2 - 5*m + 3. Let b be z(-5). Let a be 1/((-1)/(-6)*b). Suppose -5*p + 6 = 2*s - 5, -a*s + p + 17 = 0. What is the units digit of s?
8
Suppose 0 = -q + 5*q - 120. What is the tens digit of q?
3
Let v(y) = 3*y + 1. Let b be v(1). Suppose c = -1, b*c = 3*q - 14 - 5. Suppose 0*d = 5*j + 3*d - 21, -5*j + 5*d = -q. What is the units digit of j?
3
Suppose -4 - 86 = -2*b. What is the units digit of b?
5
Let d be 3 + -2 - -2 - 0. Suppose -22 = -2*z - 2*m, d*z - m + 0*m = 45. What is the units digit of z?
4
What is the units digit of ((-28)/(-21))/(2/42)?
8
Let i = 2 + 0. What is the units digit of -3 - 24/(i + -4)?
9
Let k(g) = -2*g - 2. Let h be k(-2). Suppose -18 = -3*f - 4*u - u, -u = -h*f - 1. Suppose -f = -3*w + 2. What is the units digit of w?
1
Suppose 16 = -4*f + 5*f. Let m(q) = -q**3 + 16*q**2 + 3*q - 9. What is the tens digit of m(f)?
3
Let n(c) = -4*c**3 - 41*c**2 + 9*c + 4. Let b(w) = -w**3 + 2*w - 4 + 5 + 0*w - 10*w**2. Let o(k) = 9*b(k) - 2*n(k). What is the units digit of o(-8)?
1
Let z = -21 - -46. What is the units digit of z?
5
Let f = 275 - -138. What is the tens digit of f?
1
Let s(x) = 2*x**2 + 2*x - 2. Let n(u) = u**3 - u**2 - u + 1. Let m(q) = 3*n(q) + s(q). Let a be m(1). Suppose a*z - 4 = 20. What is the units digit of z?
2
Suppose -170 + 40 = -5*t. What is the tens digit of t?
2
Let b(z) = 29*z**3 + 2*z - 1. Let s be b(1). Suppose -2*c = h - s + 6, 108 = 4*h + 5*c. What is the units digit of h?
2
Suppose 0 = 5*k + 159 - 504. What is the tens digit of k?
6
Let w(a) = a**2 + 4*a + 1. What is the units digit of w(-5)?
6
Let n(v) be the first derivative of v**2/2 + v + 1. Let x be n(5). Suppose 2 = t - x. What is the units digit of t?
8
Let h(y) = y**2 - 6*y + 5. Let u be h(9). Let d = -17 + u. What is the units digit of d?
5
Let g = -7 + 6. Let y be (1*-3)/(g/(-2)). Let n = 12 + y. What is the units digit of n?
6
Let n(k) = -k - 3. Let g be n(-4). What is the units digit of (0 + g)/((-2)/(-6))?
3
Suppose -y = -1 - 2. Suppose y = 3*u - 0. What is the units digit of u/(3/(3/1))?
1
Suppose 2 + 4 = -3*r. Let n(t) = -t**3 + 3*t**2 + 4. Let f be n(3). Let g = r + f. What is the units digit of g?
2
Let s be 4/(-14) + (-820)/(-28). Let z be s/4 - 12/(-16). Let j = 0 + z. What is the units digit of j?
8
Let s = -8 + 11. Suppose -6*j + s*w = -5*j, -w = -5*j + 28. What is the units digit of j?
6
Let h = -154 + 67. Let t = h - -122. Suppose t = 2*x + 3*x. What is the units digit of x?
7
What is the units digit of ((-12)/10)/((-2)/315)?
9
Let f = -23 + 42. Suppose 0 = -5*n - 4 + f. Let l(x) = -x**3 + 5*x**2 - 4*x - 1. What is the units digit of l(n)?
5
Suppose -8 = 2*f - 0, -4*k = -f - 12. Suppose -q + k*w - 4*w = -26, -2*q + w = -37. What is the units digit of q?
0
Let j(i) = -i**2 - 5*i - 6. Let b be j(-5). Let s be 2 + (-3 - b) + 1. Let t(n) = -n + 7. What is the units digit of t(s)?
1
Let k(d) = 5*d - 4. Let q be k(7). Suppose q = 4*r + 11. Suppose 3*u = -2*b - 2*b + 37, r*u - 2*b = 27. What is the units digit of u?
7
Let z(d) = -d**3 - 4*d**2 + 4*d + 11. What is the tens digit of z(-5)?
1
Let r = 35 + -25. Let g be 0 - (1 + -1 - 2). What is the units digit of r - (2 + -2 + g)?
8
Suppose -s = 3*s - 256. Suppose s = 2*t + 2*t. Suppose h - 3*h = -t. What is the units digit of h?
8
Let y(i) = -i**2 - 6*i + 4. Let f(q) = q**3 - 5*q**2 - 2*q - 2. Let x be f(6). Suppose -4*a - a - 5*o - 25 = 0, 4*o = 3*a + x. What is the units digit of y(a)?
4
Suppose r - 6*r + 35 = 0. What is the units digit of r?
7
Suppose 123 = -m + 129. What is the units digit of m?
6
Let y = -2 - -2. Suppose 3*r - 15 + 6 = y. What is the units digit of r?
3
What is the units digit of 2*4*(-12)/(-32)?
3
Suppose 0*l - 12 = 3*l. Let a = 9 + l. What is the units digit of a?
5
Suppose 4*z - 12 + 0 = 0. Suppose 0 = -5*k + z + 2. What is the units digit of k?
1
Suppose -4*r + r - g + 7 = 0, -2*r = g - 3. Suppose 1 = -o + r. Suppose 12 = 5*u - o*d - 10, 3*d = 2*u - 16. What is the units digit of u?
2
Let a(n) = n**2 + 2*n - 4. Let p be (-27)/6 + (-1)/(-2). Let y be a(p). Suppose 0*i + 3*i = 2*u - 11, y*u + 5*i + 11 = 0. What is the units digit of u?
1
Suppose -t + o - 1 = 1, -2*t + 3*o - 8 = 0. Suppose t*s - 4 = 16. What is the tens digit of s?
1
Let l(d) = d**2 + d - 11. What is the tens digit of l(-6)?
1
Suppose 2*i - 119 = -5*t + 61, 0 = 4*i. What is the tens digit of t?
3
Let j(s) = -5*s - 16. What is the tens digit of j(-17)?
6
Suppose 4*z - 248 = -20. Suppose z = 5*h + 22. What is the units digit of h?
7
Suppose -1 = g, -z = -5*z + 3*g + 19. What is the tens digit of (-159)/(-12) + (-1)/z?
1
Let r be -2 - 2/(2/(-2)). Suppose 4*m + 0*m - 16 = r. What is the units digit of m?
4
Let h = 199 + -140. What is the units digit of h?
9
Suppose l = -4*q - 28 + 102, -4*l + 4*q + 256 = 0. What is the tens digit of l?
6
Let c(j) = 4*j**3 - 15 - 4*j**3 - 11*j**2 - j**3 - 13*j. Let v be c(-10). Suppose 7*g - 6*g - v = 0. What is the units digit of g?
5
Suppose -a = -4*a - g + 44, -a + 16 = -g. Suppose -w = 3*j - 3, 2*j = 2 + 2. What is the units digit of (w/(-9))/(1/a)?
5
Let x = 29 + -10. Suppose 2*l = -4*i + x + 21, 0 = 3*i - 5*l - 17. What is the units digit of i?
9
Let h(r) = 2*r**2 - 2. Let o(l) = 5*l**2 - 5. Let q(u) = -7*h(u) + 3*o(u). What is the units digit of q(2)?
3
Suppose -25*j - 4*j + 5104 = 0. What is the units digit of j?
6
Suppose -3*y + 2*f = -116, -2*y + 4*f - 56 = -4*y. What is the tens digit of y?
3
Suppose -4*y = -w + 139, 443 = -0*w + 3*w + y. What is the units digit of w?
7
Let i = 226 - 129. What is the units digit of i?
7
Let d be (-2)/7 - 48/(-21). Let x be 1 - (d - -1 - 5). Suppose -11 = -5*k + 4, 21 = x*u - k. What is the units digit of u?
8
Suppose -144 = -2*b - 3*w, 272 = -0*b + 4*b - 2*w. What is the units digit of b?
9
What is the hundreds digit of 6*2/6 - -1 - -218?
2
Let k(q) = 5*q**2 + 2*q + 1. Let f be k(-1). Suppose f*v - 96 = 48. What is the units digit of v?
6
Let j = 29 + 0. Let x = j - 22. What is the units digit of x?
7
Suppose -k + 15 - 1 = 0. What is the tens digit of k?
1
Let d(m) = 93*m**2 - 1. Let i be d(-1). Let n = i - 66. What is the units digit of n?
6
Suppose -2*v - 15 = -7*v. Suppose 0 = -2*y - 0*y + 4*x - 6, -v*y = 4*x + 49. Let f = y + 19. What is the units digit of f?
8
Suppose t + 9 = -k + 6*t, -5*k + 36 = 2*t. Let r(p) = -k - 4 + 0*p + p + 1. What is the units digit of r(10)?
1
Let m = -13 + 40. Suppose 0 = 5*v - 21 + 1. Suppose -t + v*t = -z + m, 2*z = t - 2. What is the units digit of t?
8
Suppose 2 = -b - 1. Let n be (3*b)/(3/(-6)). Suppose m = -m + n. What is the units digit of m?
9
Let s = -60 + 201. What is the tens digit of s?
4
What is the units digit of (5 - 4)/(-2)*-194?
7
Let w(o) = 14*o - 17. Let k(p) = 5*p - 6. Suppose 4*x = -1 + 9, 5*x + 34 = 4*q. Let n(l) = q*k(l) - 4*w(l). What is the units digit of n(0)?
2
Suppose 0*b - 5*b = -5*j - 2070, 3*j = -2*b + 838. Suppose 3*p - b + 101 = 0. Suppose -6*q + q = -p. What is the units digit of q?
1
Suppose b = 3, -3*y - b = b - 6. Suppose -4*z + 3*w = 153 - 398, 2*z - w - 125 = y. Suppose -z = -f - 4*f. What is the tens digit of f?
1
Let f(z) = 2*z**3 - 23*z**2 - 13*z + 10. What is the units digit of f(13)?
8
Let r(k) = k - 6. Suppose 5*f = 2*p + 42, -p + 39 = -f + 6*f. Let g be r(f). Suppose -3*i + 3*a + 15 = 0, 3*i - 5 = 5*a + g. What is the units digit of i?
9
Let w = -62 - -86. What is the units digit of w?
4
Suppose -3*d - c = 4, 0 = 3*d + d - 3*c - 12. Suppose -b = -9 - d. What is the units digit of b?
9
Let w = 4 + -4. Suppose o + 2*o - 21 = w. What is the units digit of o?
7
Suppose -2*u + 591 = -71. What is the